the greatest common factor of z and 14?
2
Let s = -6 - -10. Suppose -s*g + 2*p = -40, 2*g - 24 = -0*p + 3*p. Let a = 5 + -2. Calculate the highest common divisor of a and g.
3
Let f = 93 + -47. Let v = -22 + f. Suppose -5*i = -5*m + 300, 0 = -4*m + i + 414 - 174. Calculate the highest common divisor of v and m.
12
Let d(r) be the third derivative of -35*r**4/24 + r**3/3 + 4*r**2. Let c be d(-2). Let z = 2 - -7. What is the greatest common divisor of z and c?
9
Let q be -3 + 10/2*2. What is the greatest common divisor of 63 and q?
7
Let z = 0 + 9. Suppose -h + 23 = -z. Suppose 2*r - 2*m = -2 + h, 3*r - 2*m = 44. What is the highest common divisor of r and 126?
14
Let b(i) be the third derivative of -i**6/120 + i**5/6 + i**4/24 + 2*i**2. Let c be b(9). What is the greatest common factor of c and 10?
10
Let j(x) = 2*x**2 - 5*x - 19. Let q be j(6). What is the greatest common factor of 115 and q?
23
Let r(s) = 5*s - 3. Let c(i) = i**2 - i - 2. Let u be c(-2). Let d be r(u). What is the highest common divisor of d and 119?
17
Suppose -8*k - 60 = -11*k. Let s = 13 - 8. What is the greatest common factor of k and s?
5
Suppose -3*p = -p - 54. Let u be (-2)/9 - (-114)/p. Let c(q) = 4*q**2 + 3*q - 1. Let r be c(3). Calculate the highest common factor of u and r.
4
Let f be (-4)/(-14) + 278/7. Let t = -127 - -143. What is the highest common factor of f and t?
8
Suppose h = 4*h - 33. Calculate the greatest common divisor of 88 and h.
11
Suppose 0*x - 16 = -2*x. Let t be ((-72)/(-20) + -4)*-120. Calculate the greatest common divisor of x and t.
8
Let b(w) = w**2 + 6*w + 2. Let s be b(-6). Suppose -s*g - 180 = -6*g. Suppose -6*f = -3*f - 54. Calculate the greatest common factor of g and f.
9
Let i(u) = u**2 + 4*u + 1. Let z(y) = y**2 - 6*y + 1. Let c be z(4). Let f be i(c). What is the greatest common factor of 44 and f?
22
Let t(u) = -u**2 + 11*u + 2. Let k be t(8). Suppose -k - 46 = -4*c. Calculate the greatest common divisor of 12 and c.
6
Let j = 41 + -22. What is the greatest common divisor of 19 and j?
19
Suppose 5*i = 4*k - 3, 0 = -2*k - 2*i + 6. Suppose -21 = -0*j - 3*j. Suppose j*z - 25 = k*z. Calculate the greatest common factor of 5 and z.
5
Suppose -171 = -4*r + 5*j, -37 = -2*r + j + 44. Calculate the highest common divisor of 429 and r.
39
Let g be (-12)/1*-13*(-3)/(-6). Calculate the greatest common factor of 117 and g.
39
Let n = -53 + 118. Suppose -x + 0*x = -13. Calculate the highest common divisor of x and n.
13
Let u = -289 - -517. Let y be u/21 + (-2)/(-14). Calculate the greatest common divisor of 99 and y.
11
Let w(f) = -f**3 + 3*f**2 + 2*f. Let h be w(3). What is the greatest common factor of 15 and h?
3
Let m = 4 - 2. Suppose -m*z + 3 = -35. Let h(q) = q**2 - q - 1. Let i be h(-4). What is the highest common factor of z and i?
19
Let m be 1/2 - 71/(-2). Calculate the highest common divisor of 27 and m.
9
Let a be (-4304)/(-40) + 2/5. Let o = -33 - -45. What is the greatest common divisor of o and a?
12
Let r(d) = -18*d + 6. Let t be r(-1). Calculate the highest common divisor of t and 24.
24
Let q be 1/2 + 174/4. Suppose 3*y + h = 5*h + q, -h - 5 = 0. Calculate the greatest common factor of y and 40.
8
Let c(o) = 3*o**2 - 3*o + 1. Let s be c(3). Let t = 211 + -116. Calculate the highest common divisor of s and t.
19
Let d be 359/6 - 11/(-66). Suppose 4*f + 40 = 8*f. What is the greatest common divisor of f and d?
10
Let g be (5 - -17) + -1 + 1. Calculate the greatest common divisor of g and 2.
2
Let f(w) = 3*w - 18. Suppose -3*r - k + 0*k = -31, 2*r + 5*k - 38 = 0. Let i be f(r). Calculate the greatest common divisor of i and 1.
1
Suppose -7 = -3*r - 1, 2*k + 2*r - 52 = 0. What is the greatest common factor of 12 and k?
12
Let z = -8 - -38. What is the greatest common divisor of z and 240?
30
Let n = -2 - -6. Suppose -n*v - u = -2*v - 2, 5*v - 3 = -3*u. Suppose 5 = v*t - 346. What is the highest common factor of t and 13?
13
Suppose 0*v + 3*x = 5*v + 20, 3*v + 18 = 3*x. Let h be 48 - (3 - 1 - v). Suppose 0*s - h = -5*s. What is the highest common factor of s and 99?
9
Let g = -3 + 3. Suppose g*s + 9 = 3*s. Suppose s*p + 21 = 6*p. Calculate the greatest common divisor of 35 and p.
7
Let w(x) = -x - 4. Let q be w(-9). Calculate the highest common divisor of 1 and q.
1
Suppose -47 = 4*a - 183. What is the greatest common divisor of a and 374?
34
Let t = -3 + 6. Let b(s) = 8*s - 19. Let f be b(5). Calculate the greatest common divisor of t and f.
3
Let g = 18 + -15. Suppose g = -3*j + 6. Calculate the greatest common factor of j and 3.
1
Suppose 4*f + 6 = 18. Suppose 0 = f*y + 3*m, 0 = -4*y - m - 4*m. Suppose 2*p - 23 + 5 = y. What is the highest common factor of p and 27?
9
Let d(j) = -j**3 + 9*j**2 - 10*j + 5. Let p be d(7). What is the highest common divisor of p and 22?
11
Let y be (-4)/20 + (-42)/(-10). Suppose 5*n - n - 96 = -y*k, 2*n = 2*k - 44. Let r be -3 + 1 + (23 - -2). What is the highest common divisor of r and k?
23
Let z(s) = s + 1 - 6 - 1. Let h be z(6). Suppose -5*f - 3 + 38 = h. What is the greatest common factor of f and 1?
1
Suppose 3*b - 8 + 2 = 0. Suppose 4*h - 76 = -b*s, -5*s = -4*h + 2*h - 202. What is the greatest common divisor of s and 5?
5
Let j = 164 + -89. What is the greatest common factor of 15 and j?
15
Let g be 1 - (2 - 8) - 2. Suppose -2*f - g = -3*f. Suppose f*i - i = 352. Calculate the highest common factor of i and 22.
22
Suppose 2*g - 34 = -3*v + 3*g, g - 26 = -2*v. Suppose -2*r + 4*r = v. Calculate the greatest common divisor of r and 6.
6
Suppose j = 228 - 60. Suppose -4*r + 244 = 2*n - n, -j = -3*r + 3*n. Calculate the greatest common divisor of 12 and r.
12
Suppose 0 = 2*h - p - 0*p + 7, 3*h + 16 = -4*p. Let n be (2/h)/((-1)/28). Suppose -a - 4*a + 35 = 0. What is the highest common divisor of a and n?
7
Suppose 42 = 2*k + k - 3*y, -4*k = 3*y - 21. Calculate the greatest common factor of k and 63.
9
Let u = -85 - -149. Calculate the highest common divisor of u and 96.
32
Let r(j) = -43*j**2 - j + 6. Let v be r(3). Let w be v/(-27) - (-6)/(-27). Calculate the highest common factor of 7 and w.
7
Let u(i) = -2*i**2 + 11*i + 7. Let f(b) = -b**2 + 10*b + 6. Let h(w) = -3*f(w) + 2*u(w). Let x be h(-5). Calculate the highest common factor of x and 22.
11
Let u(g) = -g**3 + 3*g**2 - 2. Let q be u(2). Suppose -3*k + 0 = -x + 1, 3*k = -4*x + 49. Let m = x - 0. What is the highest common divisor of q and m?
2
Let w = -6 - -10. Calculate the highest common divisor of w and 44.
4
Suppose 4*k = -0*r + 4*r - 40, 0 = -4*k + 12. Let p = r - 5. Suppose 6*f = 2*f + p. What is the highest common divisor of 2 and f?
2
Suppose 0*v = 3*v - 387. Let u = v + 36. What is the greatest common factor of u and 15?
15
Suppose -5*a = -8*a + 72. Let d = a - 6. Let w be (5 - 4)*9*1. What is the greatest common divisor of d and w?
9
Suppose 0*u + 4*y = 5*u, 0 = 3*y. Suppose u = 6*l - l - 10. Suppose 4*p - l = 2*p. Calculate the greatest common divisor of p and 9.
1
Let d = 29 + -4. Suppose -w - 3*w - 3*r = -145, 5*r + 19 = w. Let s = w - 24. What is the highest common factor of d and s?
5
Let x be (-185)/(-35) - 2/7. Let s(w) = -38*w - 7. Let b(d) = d - 1. Let i(q) = 6*b(q) - s(q). Let r be i(1). What is the greatest common divisor of r and x?
5
Suppose s - x + 14 - 39 = 0, -4*s + 55 = 5*x. Suppose -2*k = -10 - s. Suppose f - 1 = k. Calculate the greatest common divisor of 144 and f.
16
Let d be 0 + 3/(-1) + 95. Suppose -3*x + d + 52 = 0. What is the highest common divisor of 12 and x?
12
Suppose -5*s = -m - 296, 0 = 5*s - 3*m - 95 - 193. Suppose -s = -3*z + 6*z. Let y = 38 + z. What is the highest common factor of 6 and y?
6
Suppose 7 = -2*y + 3. Let k be y/4 - (-6)/4. Let p = k + 0. Calculate the highest common factor of 7 and p.
1
Suppose -7*v + 4*v + 3*j + 69 = 0, 3*j + 3 = 0. What is the greatest common divisor of 242 and v?
22
Suppose o + 601 = 5*q, -2*q + 6*q - 4*o - 468 = 0. Let s be (-2 - 20/(-8))*(-66)/(-3). Calculate the highest common factor of q and s.
11
Suppose 80 = 3*n - 19. What is the greatest common divisor of 11 and n?
11
Suppose 0 = -7*y - 2*y + 252. What is the highest common divisor of 70 and y?
14
Let b = -10 + 12. Calculate the greatest common divisor of 1 and b.
1
Suppose -5*n + 73 = -f, 4*n - 17 - 